
Is 693181 prime?
False
Is 788927 composite?
False
Is 3160921 prime?
False
Is 14583802 prime?
False
Is 421157987 prime?
True
Is 24220115 a composite number?
True
Is 39134237 prime?
False
Is 40357963 composite?
True
Is 30183731 prime?
False
Is 225859 a prime number?
True
Is 294130069 composite?
True
Is 15722419 composite?
True
Is 14427347 a composite number?
True
Is 10089229 a prime number?
False
Is 1791013 prime?
False
Is 547583 a prime number?
True
Is 11058659 composite?
False
Is 206053801 prime?
True
Is 4036387 composite?
False
Is 1537229 prime?
False
Is 3824017 composite?
False
Is 1125068779 a prime number?
True
Is 80656111 a prime number?
False
Is 480958585 a composite number?
True
Is 107690749 composite?
True
Is 171823 a composite number?
False
Is 404773 a composite number?
False
Is 544827 a prime number?
False
Is 133381217 prime?
True
Is 938579 composite?
True
Is 8267221 prime?
False
Is 41796151 a prime number?
True
Is 392247353 composite?
False
Is 931819853 a prime number?
False
Is 2510771 a prime number?
True
Is 16674271 a prime number?
False
Is 8512963 a prime number?
False
Is 4141663 composite?
False
Is 159787 composite?
False
Is 252147421 a composite number?
False
Is 407790637 a prime number?
True
Is 461558219 a prime number?
True
Is 7738207 a composite number?
False
Is 83206913 a prime number?
True
Is 3185849 a composite number?
False
Is 15489217 composite?
True
Is 437219 prime?
True
Is 70168493 prime?
True
Is 229488013 composite?
True
Is 9842849 prime?
True
Is 3597647 composite?
True
Is 1609061 a prime number?
True
Is 22580353 composite?
False
Is 13996601 a prime number?
True
Is 4369661 a prime number?
True
Is 2818027 composite?
False
Is 6802583 a composite number?
False
Is 14118239 prime?
True
Is 26210117 a composite number?
False
Is 583519 a prime number?
True
Is 398539 a prime number?
True
Is 42375071 a prime number?
True
Is 12789703 a prime number?
True
Is 3734251 composite?
True
Is 43993213 a prime number?
False
Is 5317717 a prime number?
False
Is 232385 prime?
False
Is 15420253 a prime number?
True
Is 562081 composite?
True
Is 314515 prime?
False
Is 14206 composite?
True
Is 38877233 a composite number?
False
Is 13844993 prime?
False
Is 764767 a prime number?
False
Is 3202019 prime?
True
Is 2261299 a prime number?
False
Is 5999083 a prime number?
True
Is 66203711 a composite number?
True
Is 5325791 a composite number?
False
Is 898753 a composite number?
False
Is 1015451 composite?
False
Is 3895483 prime?
False
Is 14844241 composite?
False
Is 345377 a composite number?
True
Is 250357663 prime?
True
Is 1129574711 prime?
False
Is 113263 a composite number?
True
Is 27445659 prime?
False
Is 54164807 a prime number?
True
Is 11277689 prime?
True
Is 12932107 prime?
True
Is 12656305 a composite number?
True
Is 68832433 composite?
False
Is 48031514 composite?
True
Is 4849241 a composite number?
True
Is 30737989 prime?
False
Is 5553133 a composite number?
False
Is 1543103 prime?
True
Is 38618807 prime?
False
Is 15630239 a prime number?
False
Is 7717427 prime?
True
Is 266441603 composite?
True
Is 59677 composite?
True
Is 11054159 prime?
True
Is 33747869 a composite number?
True
Is 2250593 composite?
True
Is 178368733 composite?
False
Is 277117 a prime number?
False
Is 17718749 a composite number?
False
Is 6984881 a prime number?
True
Is 33919813 a composite number?
True
Is 43722886 composite?
True
Is 39423379 a composite number?
True
Is 1671103 composite?
True
Is 21264577 composite?
False
Is 4294039 a prime number?
True
Is 3755903 a prime number?
False
Is 998003 composite?
True
Is 7978837 prime?
True
Is 239143909 composite?
False
Is 1348573 prime?
True
Is 13030377 a prime number?
False
Is 4853479 a composite number?
False
Is 870479 a composite number?
False
Is 56484007 a prime number?
True
Is 13636361 a composite number?
False
Is 106664269 a composite number?
True
Is 372947 a composite number?
True
Is 1268921 prime?
True
Is 14249721 prime?
False
Is 51942362 prime?
False
Is 95945281 a prime number?
False
Is 3886151 prime?
True
Is 47166599 composite?
True
Is 4492997 a composite number?
False
Is 129984277 a composite number?
False
Is 191560301 a prime number?
False
Is 42700901 a prime number?
True
Is 1084723 a composite number?
False
Is 4963697 a prime number?
True
Is 1834373 composite?
False
Is 5874347 a composite number?
False
Is 240293941 a prime number?
True
Is 22268383 a prime number?
True
Is 310481 a prime number?
True
Is 272173627 composite?
True
Is 113453 a prime number?
True
Is 180263917 prime?
True
Is 4663 prime?
True
Is 160039 composite?
True
Is 708221 prime?
True
Is 7162777 a composite number?
True
Is 47147593 a prime number?
False
Is 141568583 composite?
True
Is 8245319 a prime number?
True
Is 95510843 composite?
True
Is 434683 a prime number?
True
Is 4533149 prime?
True
Is 37578581 a prime number?
True
Is 91904927 a prime number?
True
Is 24764917 composite?
False
Is 16214413 a prime number?
False
Is 8318161 a composite number?
False
Is 164530511 a prime number?
False
Is 87991 prime?
True
Is 15371819 composite?
False
Is 46854089 a prime number?
True
Is 878629 prime?
True
Is 251651495 a prime number?
False
Is 10255987 a prime number?
False
Is 66369913 a composite number?
False
Is 106041977 a prime number?
True
Is 15819127 prime?
False
Is 1717913 composite?
False
Is 6369457 a prime number?
False
Is 1914097 a prime number?
True
Is 1796703109 composite?
False
Is 397149 prime?
False
Is 185457529 a composite number?
False
Is 5264351 a composite number?
False
Is 44669873 prime?
False
Is 522803 a prime number?
False
Is 57102047 prime?
False
Is 35742305 a composite number?
True
Is 200437 a prime number?
True
Is 50309711 prime?
True
Is 112963489 a composite number?
True
Is 15943 prime?
False
Is 25221985 composite?
True
Is 45336607 prime?
True
Is 19441417 a prime number?
False
Is 479698955 a prime number?
False
Is 2431343 a composite number?
False
Is 45750083 prime?
True
Is 6472181 a composite number?
True
Is 1046609 a composite number?
True
Is 184924627 a prime number?
False
Is 3717641 prime?
True
Is 11727913 a composite number?
False
Is 193469165 prime?
False
Is 162913181 prime?
True
Is 183341297 a prime number?
True
Is 149791 composite?
False
Is 37740466 a composite number?
True
Is 3133587 prime?
False
Is 137534357 a prime number?
True
Is 228995251 prime?
False
Is 21877261 prime?
False
Is 505811 a prime number?
True
Is 161604611 prime?
False
Is 23977713 composite?
True
Is 3257185 a composite number?
True
Is 5443639 a composite number?
False
Is 846753401 prime?
False
Is 2174267 prime?
False
Is 12095269 composite?
False
Is 16068917 a prime number?
True
Is 13315177 a composite number?
False
Is 1142693 prime?
True
Is 16035727 composite?
False
Is 461912257 composite?
False
Is 20828603 composite?
True
Is 25384861 a composite number?
False
Is 79907573 composite?
True
Is 121473553 prime?
False
Is 71674489 a prime number?
True
Is 498324091 a composite number?
True
Is 3287371 composite?
True
Is 17635433 a prime number?
True
Is 39463843 prime?
True
Is 909233 a composite number?
True
Is 12847526 a composite number?
True
Is 23133689 a prime number?
True
Is 1304071 composite?
False
Is 25404451 prime?
True
Is 26539187 composite?
False
Is 1079860039 a prime number?
False
Is 192137 a prime number?
False
Is 236038723 prime?
False
Is 656113 prime?
True
Is 20408285 a composite number?
True
Is 60281773 a composite number?
False
Is 35824247 composite?
False
Is 149442595 composite?
True
Is 1031117 a composite number?
False
Is 18472061 a prime number?
True
Is 163257499 prime?
False
Is 20367247 a prime number?
True
Is 9405389 a prime number?
False
Is 490667 composite?
True
Is 858816589 prime?
True
Is 8606891 prime?
False
Is 15286279 a composite number?
True
Is 28451281 prime?
False
Is 255183 prime?
False
Is 91093549 composite?
False
Is 53966117 a composite number?
False
Is 2387017 a composite number?
False
Is 9288121 a prime number?
True
Is 45598693 composite?
True
Is 3207907 prime?
False
Is 139457849 a composite number?
False
Is 140510687 a prime number?
True
Is 1065763 composite?
False
Is 3474091 a composite number?
True
Is 190229 prime?
False
Is 44739883 a composite number?
False
Is 22805773 prime?
False
Is 34701323 a composite number?
True
Is 11695231